 2*s. Is z composite?
False
Let k = 183866 + -20983. Is k a prime number?
False
Let k be 0/(-2) - (3 + 1 - 4). Suppose 4*x - 3*t + 15 = k, x + 4 = t - 1. Suppose m + 5*y - 547 = x, 555 = m - 0*y + y. Is m a prime number?
True
Suppose -j - 2*c = 2*j - 1736375, 4*j - 4*c = 2315140. Is j a prime number?
True
Suppose -22*v + 21*v = -19868. Suppose -4*c + 2*b = -30334, -v + 4686 = -2*c - 2*b. Let x = c + -4365. Is x a prime number?
True
Is (61/(-244))/(2/(-15001832)) prime?
True
Suppose 0 = 8*n - 6*n - 3*f - 252781, -4*n + 3*f = -505559. Is n a prime number?
False
Let n(x) = -3*x**3 - 4*x**2 + 1. Let i be n(-3). Let w = i - 43. Suppose -2*o + 12462 = o - w*b, 4155 = o - 2*b. Is o prime?
True
Let b(m) = 2578*m + 3. Let i be b(3). Suppose 12*p = 22779 + i. Is p prime?
True
Let b = -1183 + 5615. Let z = b + -1115. Is z composite?
True
Suppose -20 = m - 16, m + 489925 = 3*g. Is g composite?
False
Let x = -176 - -258. Let r be -35*x/(-3) - 2/(-6). Suppose -6*f = -r - 153. Is f a prime number?
False
Suppose 322 = 6*o + 352. Is (5 + -9 - o) + 3162 a prime number?
True
Let w(q) = -5*q**3 + q**2 - 3*q + 1. Let h be (-342)/(-95)*(-10)/6. Is w(h) prime?
False
Let o = -65249 - -162766. Is o a composite number?
True
Suppose 8*p + 220*p = -8*p + 30892636. Is p a composite number?
True
Suppose 4*d - 411773 = -b, d - 51963 = -5*b + 50966. Suppose 11*u - d = 26735. Is u prime?
True
Let g = -70 - -74. Let j(y) = 40*y**2 + 4*y - 9. Is j(g) prime?
True
Is (-65287)/(2/(6 - (9 + -1))) a prime number?
True
Let j(t) = -4*t**3 + 0 + 9 - 2*t**2 + 7*t - 5*t**3. Let b be j(-4). Suppose 3*l - 3*q - 3045 = b, -3*l + 2*q = -3569. Is l a composite number?
True
Is 10/(-60)*10744983/6*(7 - 11) composite?
False
Is (71195/(-20) + -1)/((-1)/4) a composite number?
False
Let z be 3 - (-5 + 7 + -1 + -3). Suppose -3*u + 302 = -z*o + 1934, 4*o - 2*u = 1304. Let l = -71 + o. Is l composite?
True
Let p = 114329 + -54330. Is p a composite number?
False
Suppose -607348 + 14917109 = 47*h. Is h prime?
False
Is ((-3)/18 - 0)/(16/(-3618336)) composite?
False
Suppose 0 = -2*w - 6, -3*w + 2 = s + 9. Is s*(8/(32/1278) - 3) composite?
True
Let g = 87 - 87. Suppose g = -z + 3, -3*p - z - 2 = -5. Suppose -2*q = -p*q + 2*i - 2368, 3556 = 3*q + i. Is q a prime number?
False
Suppose 9687775 - 629264 = 77*p. Is p a prime number?
True
Suppose 0 = 5*p - 2*p - 52830. Suppose 3*b - p = -3*c, -7*b + 5*b = -2*c + 11752. Is c a composite number?
True
Let q = -1774 - -327. Let o = 2454 + -301. Let x = q + o. Is x composite?
True
Suppose -9*r + 6*r + 12 = 0, -3*r = -3*a + 6590397. Is a composite?
True
Let p(y) be the first derivative of -y**4/4 + 23*y**3/3 - 25*y**2/2 + 52*y + 87. Is p(21) composite?
False
Let k be 33/(-3) - ((-2)/1)/(-2). Let d be (-1 - 112/k)/((-2)/(-24)). Let g = d - -441. Is g a prime number?
True
Let q be (-1 + 2)/((-6)/(-31458)). Suppose 5*n + 6*h = 7*h + 8540, -2*h = -n + 1699. Suppose 0 = -8*t + n + q. Is t a prime number?
False
Let x be (6*(-5)/(-45))/(6/45). Suppose -x*q - 8785 = -32000. Is q a composite number?
False
Suppose 2*m - 265016 = -4*d, 4*m = 5 + 19. Is d a composite number?
True
Suppose h - 6 = 2*k, 21*k + 20 = 16*k + 5*h. Is k/((-2)/36788*4) a prime number?
False
Suppose 0 = 19*l - 23*l + 36964. Suppose 0 = 3*t - 4*u - 24750 + l, 25805 = 5*t + 2*u. Is t prime?
False
Let i(c) = 539377*c**2 - 6*c - 2. Is i(-1) a prime number?
False
Suppose -79345 = -4*z + 113851. Is z prime?
True
Let l be 1580/(-6)*(-96)/(-40). Let y = 2289 + l. Is y a composite number?
False
Let y(i) = 4 - 70*i + 1320*i**2 + 2 + 33*i**2. Is y(5) composite?
True
Let l(f) = 677*f**2 + 102*f + 29. Is l(22) a composite number?
False
Suppose -4*m + 7*m + 1662992 = -4*t, 2*m + 5*t = -1108666. Is (-1)/4 + m/(-96) prime?
False
Let r(h) = 18*h**3 + h**2 - 1. Let l be r(-1). Let n(t) = 50*t + 45*t - 216 + 203 - 112*t. Is n(l) composite?
False
Suppose 14*c - 1036948 = -4*c + 1727690. Is c composite?
True
Suppose -3*g + 28 + 5366 = 0. Is (g/(-3))/((-2)/(-9)*-3) a composite number?
True
Is 6/4*(-32420404)/(-786) composite?
False
Let x(u) be the first derivative of 8/3*u**3 + 2 - 8*u - u**2. Is x(-15) a composite number?
True
Let u be 17540 + -3 - 8 - 7. Suppose -u = -58*y + 55*y - 5*x, 0 = 5*y - 5*x - 29190. Is y a prime number?
True
Suppose 160315 = -3*i + 5*o, -4*i - 27*o + 31*o - 213748 = 0. Is ((-4 - -6)*1)/((-10)/i) prime?
True
Let l(s) = 38963*s**3 + 3*s**2 - 1. Let b be l(1). Is b/(-5)*(0 + -1) prime?
True
Is 1/((6/(-780789))/(54/(-27))) composite?
False
Let d(c) = 2 - 2*c**3 - 7 + 11 - 12*c**2 - 11*c + 10. Let n = -61 + 54. Is d(n) a composite number?
False
Let d(z) = 150*z**2 - 42*z + 16. Let l(s) = -30*s**2 + 8*s - 3. Let b(m) = -2*d(m) - 11*l(m). Suppose -i + 1 = -1. Is b(i) a composite number?
False
Suppose -8 = s + 4*u - 31, 0 = 4*s - 2*u - 38. Suppose 0*l - s*l = -264341. Is l prime?
False
Let p be (-1207 - (-15)/3)/(-2). Let k = -108 + p. Is k composite?
True
Let h = 3511 + 1036. Is h a composite number?
False
Let w = 4 - -4. Let k = w + -10. Let d(s) = -6*s - 5. Is d(k) prime?
True
Let t(h) = -h**3 + 9*h**2 - 5*h - 6. Let s be t(8). Is 3/s*-2 - (-198960)/45 composite?
False
Suppose -40*h + 93739 = -3*h - 155530. Is h a prime number?
True
Let k be (-3 - -33)/5 - 0. Suppose 1276 = -k*q + 2*q. Let a = -170 - q. Is a a prime number?
True
Is 24 - 8/((-32)/7228996) prime?
False
Let m(w) = -11914*w + 1811. Is m(-24) a composite number?
False
Suppose -2*l + 208 = 206. Let t(w) = 5294*w + 3. Is t(l) prime?
True
Suppose 0 = 32*y + 151*y + 23*y - 227281654. Is y a composite number?
False
Let t = 19 + 57. Suppose q - 50 = -p + t, -p + 5*q = -126. Is 103096/p - 2/9 prime?
False
Suppose -3*q + 18 = 0, 40*u - 939656 = 36*u + 2*q. Is u a composite number?
False
Is (-161992)/(-40) - (168/35 + -4) prime?
True
Let i(h) = 8*h**2 - 3*h - 1. Let t be i(-2). Let s = -34 + t. Suppose -s*m - 90 = -327. Is m a composite number?
False
Let t(s) = -3 - 21*s - 2*s**3 + 2 + 1 + 8 + 22*s**2. Let y be t(14). Let c = y - -2444. Is c composite?
True
Suppose -7*u + 16 = -19. Suppose -3*d + 352 = c + 3*c, -u*d - 20 = 0. Let m = c + -72. Is m a prime number?
True
Suppose 0 = 4*i + l, -19 = 3*i + 2*l - 6*l. Let n = -33 + 35. Is (180 - (n - i))/1 prime?
False
Let w(h) = -9759*h**3 - 19*h**2 - 32*h - 1. Is w(-2) a composite number?
False
Let h(i) = -113*i**3 + 6*i**2 + 12. Let d be h(-3). Let f = -1070 + d. Is f a composite number?
True
Let n = 69 - 67. Let t be (n + (-24)/10)/((-1)/5). Is (-263)/t*16/(-8) composite?
False
Let u(d) = -39312*d - 6317. Is u(-36) a composite number?
True
Let d be (-32)/12*(-9)/6. Suppose d*y - 857 - 4895 = 0. Is y a composite number?
True
Is 7/(3/((-732276)/(-12))) composite?
True
Suppose 66243 = -12*w + 25215. Let j = w - -5612. Let z = 4044 - j. Is z composite?
True
Let d(r) = r**2 + 10*r + 27. Let x be d(-6). Is (-844284)/(-285) - x/(-5) composite?
False
Let d(g) = -g**2 - 7*g + 14963. Let j be d(0). Is j + 4 + 3 + 7 a composite number?
True
Is ((-4)/38 - 5/((-950)/210))*79133 a prime number?
True
Let j be 3/12 - 174680/(-32). Let p = -1800 + j. Is p composite?
False
Let o = 1839 - 894. Is ((-15)/(o/36))/(2/(-259)) a composite number?
True
Let x(w) = -17*w**3 + 31*w**2 + 6*w - 74. Let l(u) = 30*u**3 - 61*u**2 - 11*u + 148. Let y(b) = -4*l(b) - 7*x(b). Is y(25) prime?
False
Let m(h) = -2095*h**3 - 23*h**2 - 23*h + 330. Is m(-7) composite?
True
Suppose -r + 5*u + 683596 = 0, 0 = 3*r + u - 1043251 - 1007489. Suppose -5*w = 26*w - r. Is w a prime number?
True
Suppose 1127186 = -21*g + 549173 + 4556694. Is g composite?
True
Let z be (1 - 58/(-3))*-3. Let k be -89 + -2 - (8 - 7). Let h = z - k. Is h prime?
True
Let x(g) = g**2 - 10*g + 3. Let q be x(10). Suppose q*c = 30*c - 473013. Is c a composite number?
False
Suppose 43 = 7*s - 6. Suppose 8*g = s*g + 12991. Is g a prime number?
False
Let b = 12824 + -1050. Let u = -6619 + b. Is u composite?
True
Suppose -4*n + 3097 = -r, -4*n - 4*r + 1386 + 1706 = 0. Let d(u) = 4*u**2 + 2*u + 1. Let h be d(-6). Let v = h + n. Is v a composite number?
False
Suppose x = 6*x - 42925. Suppose -k = 4*s - x, -3*s = s - 5*k - 8603. Let q = s + -1098. Is q prime?
True
Let f = -14145 + 27239. Is f a prime number?
False
Is (1 + 2/(-6) - 2)/((-1176)/615846798) a composite number?
False
Supp